 Suppose -f*r + 6935 + 2701 = 0. What are the prime factors of r?
2, 3, 73
What are the prime factors of (-141*1/(-6))/(53/97096)?
2, 47, 229
Let z = 12458 - 8289. What are the prime factors of z?
11, 379
Let k be 3/7 + 5/(210/21822). List the prime factors of -13*(-16)/k + 1236/10.
2, 31
Suppose -3*a - 23*a = 21*a - 385635. List the prime factors of a.
3, 5, 547
Suppose -1394*m + 1399*m - 17065 = 0. List the prime factors of m.
3413
Let s = 23 - 67. Let q = -39 - s. What are the prime factors of q*10/(-1)*24/(-16)?
3, 5
Suppose -8*k + 162 = 194. Let t(o) = -5*o**2 + o - 9. Let z(n) = 5*n**2 - 2*n + 10. Let y(h) = -6*t(h) - 5*z(h). What are the prime factors of y(k)?
2, 17
Let a = -75 - -73. Let y be -26*2/a*(-2 - 0). Let r = -47 - y. What are the prime factors of r?
5
Suppose 6*p + 0*p - 18 = 0. Suppose p*s = s - 104. What are the prime factors of 8/s - 4064/(-52)?
2, 3, 13
Suppose 15*f - 10*f - 68485 = -5*n, 5*f + 4*n - 68491 = 0. What are the prime factors of f?
71, 193
Let j = 87 + -73. Suppose -3*f = -j*f. Let h = f - -32. List the prime factors of h.
2
Let n = 479 - 477. Suppose q - n*d = 6*q - 1214, -962 = -4*q + 3*d. List the prime factors of q.
2, 11
Let x(d) = -d**3 + 5*d**2 - 2*d - 3. Let i be x(5). Let t be 2/i + 48/(-26) + 7. Suppose 2*p - 64 = 2*y, t*p - 147 = -4*y - 23. What are the prime factors of p?
2, 7
What are the prime factors of (59/(-531) - (-573)/54)*7760/6?
2, 5, 7, 97
Let x(n) be the second derivative of 103*n**3/6 - 21*n**2 + 92*n. List the prime factors of x(4).
2, 5, 37
Let p be -2 + 17 - (-16 + 23). Let l be 202/(-4) - 1/(-2). Let x = p - l. List the prime factors of x.
2, 29
Let b(i) = -i**2 - 9*i - 9. Let q be b(-2). Let g = q + 110. What are the prime factors of g?
5, 23
Let r(c) = -c**3 - 3*c**2 - c - 2. Let s be r(-4). Let h be 12376/36 - (-4)/s. Let x = h - 134. What are the prime factors of x?
2, 3, 5, 7
Suppose 5*r + 1 = -2*d, 0*r - r + 1 = d. Suppose 5*l + 10 = -a + 2, d = -a - 2*l. List the prime factors of 220 - (9 + -4) - a.
3, 71
Let m = -21217 - -60614. What are the prime factors of m?
39397
Suppose 6 = -45*m + 46*m. Suppose -m*k = -12 - 0. Suppose k*d = d + 86. What are the prime factors of d?
2, 43
Let m = 167748 + -92648. What are the prime factors of m?
2, 5, 751
Suppose -s + 9 - 4 = 0, -3*s + 47016 = 3*z. What are the prime factors of z?
15667
Let y(o) = 38*o - 17*o - 10*o + 25 - 9*o. Suppose 2*z - 2*j - j = 26, -73 = -3*z - 4*j. What are the prime factors of y(z)?
3, 7
What are the prime factors of (472/(-10))/(6/(-3180)*1)?
2, 53, 59
Suppose 4*f - x + 0*x = -78, -76 = 4*f - 2*x. Let i be (1/(-2))/((-2)/f). What are the prime factors of i/(-4) - 595/(-20)?
31
Let o(y) = 458*y**2 - y - 2. Let h be o(-2). Suppose 7*i = -i + h. List the prime factors of i.
229
Let q(m) = 2*m + 56. Let j be q(-26). Suppose -6*f + 5*f + j*w + 360 = 0, 3*f - 4*w = 1056. List the prime factors of f.
2, 3, 29
Let z = -3395 + 3533. Suppose 2*s = -2*x - 0*x - 142, -3*x = -s + 209. Let p = z - x. What are the prime factors of p?
2, 13
Suppose 135*u - 105*u = 33120. List the prime factors of u.
2, 3, 23
Suppose -2*c + 34 = -5*o, -4*c - 18 = -5*o - 46. Let m be -107 + -4*(20/o - -3). Let v = 0 - m. List the prime factors of v.
109
Let g = 22 - 14. Suppose 7 + 10 = 5*r - 2*a, 2*a - g = 0. Let p(z) = -z**2 + 18*z - 12. List the prime factors of p(r).
53
Suppose 3*a + 17*a + 15280 = 0. Let o = 1217 + a. List the prime factors of o.
3, 151
List the prime factors of 3/(-45) - (-3248)/120.
3
Let b = 431 + -418. Suppose 0 = -21*j + b*j + 3240. What are the prime factors of j?
3, 5
Suppose 0 = -5*h - 0*h + 65. Suppose h*w - 5768 = -w. What are the prime factors of w?
2, 103
Suppose -5*h = -8 - 37. Suppose -h*o + 39 = -12*o. Let s(u) = -8*u + 28. List the prime factors of s(o).
2, 3, 11
Suppose t + 3*t - 17 = 3*z, 1 = -t - z. Let d be (1 + t)/((-21)/(-98)). List the prime factors of 16 - 13 - d/(-2).
2, 5
Let y = 120 - 117. Suppose 3*t - 583 = -a, 2*a + y*t = -3*a + 2867. List the prime factors of a.
571
List the prime factors of ((-212540)/(-50))/(14/35).
10627
Suppose 2*x + 1697 = u + 3*x, -u + 1706 = 4*x. Suppose -2*s = -6*r + r - u, 3444 = 4*s + 4*r. What are the prime factors of s?
857
Let o = 981 + -581. Let b be ((-3)/(-2))/(0 - 6/o). List the prime factors of 4/(1 - 2) + (19 - b).
5, 23
Let m(i) = -3*i + 6. Let j be m(-5). Suppose 5 - j = l + 3*h, 20 = -4*h. List the prime factors of l*(1 + (5 - 184)).
2, 89
Suppose 9*f - 10190 = 27331. List the prime factors of f.
11, 379
Let j(b) be the second derivative of 9*b**5/20 + b**4/12 + 327*b**2/2 + 3*b + 11. List the prime factors of j(0).
3, 109
List the prime factors of 7642/4*((-3034)/(-164) + 3/2).
2, 5, 3821
Let o = -83225 - -146375. List the prime factors of o.
2, 3, 5, 421
Let m(b) = b**3 + 111*b**2 - 31*b - b + 31 - 122*b**2. List the prime factors of m(14).
3, 19
Let d = -706 + 1661. Suppose t = 2*l - 0*l - d, 1434 = 3*l - 3*t. List the prime factors of l.
3, 53
Suppose -x - 4*i = -181, 0 = -2*x - 4*i + 93 + 289. Let z = 340 - x. List the prime factors of z.
139
What are the prime factors of (-48)/27 + 2 - (-10076)/18?
2, 5, 7
List the prime factors of (6866/(-6) - 0)/(58/(-1914)).
11, 3433
Let h(o) = 41*o - 147. Let x be h(4). Suppose -43*p + 28340 = -x*p. List the prime factors of p.
2, 5, 109
Let c = -352 + 346. What are the prime factors of 1 - c/(-10) - (-336)/10?
2, 17
Let f = 338 - 354. What are the prime factors of -1 - 4748/(-8) - (-8)/f?
2, 37
Let f be (-28)/(-7) + 4054 + -2. List the prime factors of ((-9)/12)/((-26)/f).
3, 13
Let s(j) = -j**3 + 38*j**2 - j + 46. Let q be s(38). What are the prime factors of (676/q - 1) + (-1)/2?
83
What are the prime factors of (-624)/26*(-11641)/28?
2, 3, 1663
List the prime factors of (2 + 3421/11)*6.
2, 3, 313
Let l be 6/(-27) + 0 + (-17684)/(-36). Let a = l - -73. What are the prime factors of a?
2, 3, 47
Suppose 151 = 5*u - 5*j + 1421, u + 3*j = -262. Let m = -76 - u. What are the prime factors of m?
2, 3, 5
Let a(g) = 7*g. Let i(r) = 2*r**2 + 12*r - 16. Let z be i(-7). Let p be a(z). List the prime factors of (-2*12/8 - p)*1.
11
Suppose -11*u - 40 = -15*u. Suppose 5*l + 0*l = u. Suppose -4*p + 94 = i, -4*i = -6 - l. What are the prime factors of p?
23
Suppose -75*z = 72*z - 145*z - 126616. What are the prime factors of z?
2, 7, 17, 19
Let o(j) = j**3 + 15*j**2 - 55*j - 30. Let v(h) = -18*h + 361. Let w be v(21). List the prime factors of o(w).
3, 109
Let f(u) = u**3 - 30*u**2 - 29*u - 40. Let i be f(31). Suppose -i*z = -26*z - a + 1235, 0 = -2*a - 2. List the prime factors of z.
3, 103
Let r be 25 + (7 - (17 + -1)). Let t be ((-24)/60)/((-2)/5270). Suppose r*x - t = -x. List the prime factors of x.
2, 31
Let j(v) = v**2 - 16*v + 16. Let x be j(33). Let u = x + -237. List the prime factors of u.
2, 5, 17
Suppose 0 = 10*g + 69 - 199. Suppose g*q + q - 2688 = 0. List the prime factors of q.
2, 3
Let d(c) = -c**2 - c - 1. Let g(v) = 22*v + 19. Let p(b) = d(b) - g(b). Let m = -260 - -242. List the prime factors of p(m).
2, 5, 7
Suppose -33*k = -11*k - 4444. Let q = k - -27. List the prime factors of q.
229
Let w be (2681 + 3 - 2)*5/10. Suppose w = 10*g - 4479. What are the prime factors of g?
2, 3, 97
What are the prime factors of -1*(-5 - -3)*2778/12?
463
Let y(j) = j**2 + 13*j + 16. Let h be y(-12). Suppose h*s - 146 = 38. What are the prime factors of 84*(s/8 + -3) - 0?
3, 7, 11
Suppose -78*g + 94341 + 869583 = 0. What are the prime factors of g?
2, 37, 167
Let w(y) = -y**3 + 6*y**2 + 11*y + 8. Let m(d) = d**2 + 10*d - 17. Let s be m(-12). Let j be w(s). Let k = 66 + j. What are the prime factors of k?
2, 3, 17
List the prime factors of (13 + -11)/(80/(-101688))*-5*1.
3, 19, 223
Let q = -325 - -330. Let d(p) = 53*p**2 + 6*p - 1. List the prime factors of d(q).
2, 677
Suppose -111*t + 103*t + 24 = 0. What are the prime factors of 2 + (2 - t) + (-1 - -1387)?
19, 73
Let c(w) = -87*w**3 - 4*w**2 + 5*w + 4. Suppose p + 4 = -3*r + 2, 2 = r + p. What are the prime factors of c(r)?
2, 337
Let v(z) = -161*z - 556. What are the prime factors of v(-8)?
2, 3, 61
Let k(b) = 2*b**2 + 18*b + 4. Let w be k(-9). List the prime factors of 1 - -16*118/w.
11, 43
Let y(d) = -154*d**2 + 4*d + 44. Let j be y(-8). What are the prime factor